of 1393?
3
What is the units digit of 321?
1
What is the ten thousands digit of 10933?
1
What is the hundreds digit of 6685?
6
What is the units digit of 8838?
8
What is the units digit of 17171?
1
What is the thousands digit of 2394?
2
What is the tens digit of 1416?
1
What is the tens digit of 1386?
8
What is the ten thousands digit of 10946?
1
What is the hundreds digit of 93488?
4
What is the hundreds digit of 1072?
0
What is the thousands digit of 12429?
2
What is the ten thousands digit of 15681?
1
What is the thousands digit of 3390?
3
What is the hundreds digit of 1527?
5
What is the units digit of 37802?
2
What is the hundreds digit of 16740?
7
What is the thousands digit of 1128?
1
What is the units digit of 7780?
0
What is the units digit of 12605?
5
What is the tens digit of 3011?
1
What is the ten thousands digit of 14474?
1
What is the units digit of 719?
9
What is the tens digit of 6728?
2
What is the ten thousands digit of 15363?
1
What is the hundreds digit of 64317?
3
What is the thousands digit of 1619?
1
What is the thousands digit of 4699?
4
What is the hundreds digit of 20951?
9
What is the thousands digit of 46971?
6
What is the tens digit of 849?
4
What is the tens digit of 3725?
2
What is the hundreds digit of 51350?
3
What is the thousands digit of 50919?
0
What is the thousands digit of 43154?
3
What is the tens digit of 10791?
9
What is the units digit of 963?
3
What is the thousands digit of 3888?
3
What is the units digit of 29296?
6
What is the hundreds digit of 7311?
3
What is the units digit of 407?
7
What is the thousands digit of 4361?
4
What is the thousands digit of 2350?
2
What is the hundred thousands digit of 173256?
1
What is the units digit of 17235?
5
What is the hundreds digit of 9225?
2
What is the units digit of 4416?
6
What is the tens digit of 6884?
8
What is the hundreds digit of 51159?
1
What is the hundreds digit of 4396?
3
What is the units digit of 123328?
8
What is the tens digit of 330?
3
What is the hundreds digit of 229?
2
What is the tens digit of 3601?
0
What is the thousands digit of 158814?
8
What is the tens digit of 84060?
6
What is the ten thousands digit of 94701?
9
What is the ten thousands digit of 34016?
3
What is the tens digit of 2825?
2
What is the ten thousands digit of 18069?
1
What is the hundreds digit of 8617?
6
What is the hundreds digit of 28333?
3
What is the units digit of 3763?
3
What is the tens digit of 1566?
6
What is the hundreds digit of 26336?
3
What is the hundreds digit of 24715?
7
What is the thousands digit of 1368?
1
What is the units digit of 985?
5
What is the thousands digit of 76925?
6
What is the hundreds digit of 125433?
4
What is the tens digit of 11333?
3
What is the units digit of 1132?
2
What is the thousands digit of 3167?
3
What is the tens digit of 3581?
8
What is the units digit of 240?
0
What is the thousands digit of 9688?
9
What is the thousands digit of 2213?
2
What is the hundreds digit of 83895?
8
What is the hundreds digit of 4060?
0
What is the tens digit of 64989?
8
What is the hundreds digit of 143?
1
What is the hundreds digit of 2170?
1
What is the tens digit of 926?
2
What is the tens digit of 124295?
9
What is the units digit of 2351?
1
What is the hundreds digit of 375?
3
What is the thousands digit of 1939?
1
What is the hundreds digit of 334?
3
What is the hundreds digit of 150?
1
What is the hundreds digit of 2879?
8
What is the hundreds digit of 10065?
0
What is the units digit of 4020?
0
What is the hundreds digit of 577?
5
What is the thousands digit of 3813?
3
What is the units digit of 63105?
5
What is the ten thousands digit of 13861?
1
What is the thousands digit of 1861?
1
What is the thousands digit of 3357?
3
What is the hundreds digit of 1560?
5
What is the tens digit of 2056?
5
What is the units digit of 27985?
5
What is the hundreds digit of 502?
5
What is the units digit of 15002?
2
What is the hundreds digit of 1076?
0
What is the tens digit of 35333?
3
What is the tens digit of 27809?
0
What is the thousands digit of 5021?
5
What is the hundreds digit of 4463?
4
What is the hundreds digit of 48875?
8
What is the units digit of 14041?
1
What is the thousands digit of 5527?
5
What is the thousands digit of 1453?
1
What is the units digit of 728?
8
What is the tens digit of 681?
8
What is the units digit of 1483?
3
What is the hundreds digit of 823?
8
What is the hundreds digit of 2498?
4
What is the thousands digit of 9635?
9
What is the ten thousands digit of 167917?
6
What is the tens digit of 71162?
6
What is the tens digit of 3162?
6
What is the ten thousands digit of 15955?
1
What is the units digit of 508?
8
What is the units digit of 1053?
3
What is the tens digit of 139?
3
What is the ten thousands digit of 26635?
2
What is the hundreds digit of 4618?
6
What is the hundreds digit of 513?
5
What is the hundreds digit of 7294?
2
What is the tens digit of 75437?
3
What is the units digit of 41784?
4
What is the hundreds digit of 1620?
6
What is the tens digit of 9378?
7
What is the thousands digit of 1266?
1
What is the ten thousands digit of 15964?
1
What is the ten thousands digit of 104132?
0
What is the thousands digit of 1708?
1
What is the thousands digit of 3064?
3
What is the tens digit of 113?
1
What is the tens digit of 693?
9
What is the tens digit of 12142?
4
What is the tens digit of 45804?
0
What is the tens digit of 3423?
2
What is the tens digit of 3220?
2
What is the tens digit of 13501?
0
What is the units digit of 549?
9
What is the ten thousands digit of 67494?
6
What is the ten thousands digit of 12894?
1
What is the tens digit of 113262?
6
What is the hundreds digit of 10941?
9
What is the units digit of 121?
1
What is the tens digit of 1720?
2
What is the tens digit of 2277?
7
What is the ten thousands digit of 13889?
1
What is the units digit of 1039?
9
What is the thousands digit of 62507?
2
What is the tens digit of 23223?
2
What is the thousands digit of 36623?
6
What is the thousands digit of 17991?
7
What is the ten thousands digit of 10680?
1
What is the ten thousands digit of 27951?
2
What is the tens digit of 29373?
7
What is the hundreds digit of 121188?
1
What is the hundreds digit of 59759?
7
What is the thousands digit of 4092?
4
What is the hundreds digit of 16607?
6
What is the units digit of 1782?
2
What is the hundreds digit of 4620?
6
What is the thousands digit of 64402?
4
What is the hundreds digit of 701?
7
What is the hundreds digit of 107147?
1
What is the tens digit of 47?
4
What is the hundreds digit of 1072?
0
What is the thousands digit of 8523?
8
What is the units digit of 388?
8
What is the tens digit of 34760?
6
What is the ten thousands digit of 103098?
0
What is the hundreds digit of 6073?
0
What is the hundreds digit of 10476?
4
What is the hundreds digit of 53008?
0
What is the units digit of 2?
2
What is the hundreds digit of 1343?
3
What is the tens digit of 1776?
7
What is the hundreds digit of 119?
1
What is the thousands digit of 7229?
7
What is the tens digit of 36900?
0
What is the tens digit of 11213?
1
What is the hundreds digit of 53930?
9
What is the tens digit of 2426?
2
What is the tens digit of 21080?
8
What is the thousands digit of 37982?
7
What is the thousands digit of 7557?
7
What is the thousands digit of 6125?
6
What is the thousands digit of 6913?
6
What is the units digit of 1698?
8
What is the thousands digit of 6346?
6
What is the thousands digit of 3266?
3
What is the ten thousands digit of 11866?
1
What is the units digit of 29675?
5
What is the hundreds digit of 10089?
0
What is the tens digit of 17560?
6
What is the thousands digit of 3581?
3
What is the tens digit of 3301?
0
What is the units digit of 1?
1
What is the thousands digit of 3644?
3
What is the units digit of 6520?
0
What is the units digit of 3613?
3
What is the ten thousands digit of 11631?
1
What is the tens digit of 3022?
2
What is the thousands digit of 15114?
5
What is the units digit of 3126?
6
What is the tens digit of 15534?
3
What is the thousands digit of 23928?
3
What is the units digit of 1109?
9
What is the units digit of 4539?
9
What is the hundreds digit of 76286?
2
What is the thousands digit of 7787?
7
What is the hundreds digit of 2